{"id":363,"date":"2024-12-13T14:28:51","date_gmt":"2024-12-13T14:28:51","guid":{"rendered":"https:\/\/hosana.digital\/site\/?page_id=363"},"modified":"2025-07-06T00:20:39","modified_gmt":"2025-07-06T03:20:39","slug":"apresentacao","status":"publish","type":"page","link":"https:\/\/hosana.digital\/site\/","title":{"rendered":"Traga a sua igreja para o DIGITAL"},"content":{"rendered":"\n<figure class=\"wp-block-embed is-type-video is-provider-youtube wp-block-embed-youtube wp-embed-aspect-16-9 wp-has-aspect-ratio\"><div class=\"wp-block-embed__wrapper\">\n<iframe loading=\"lazy\" title=\"Hosana digital\" width=\"800\" height=\"450\" src=\"https:\/\/www.youtube.com\/embed\/DHTolL7ldPs?feature=oembed\" frameborder=\"0\" allow=\"accelerometer; autoplay; clipboard-write; encrypted-media; gyroscope; picture-in-picture; web-share\" referrerpolicy=\"strict-origin-when-cross-origin\" allowfullscreen><\/iframe>\n<\/div><\/figure>\n\n\n\n<p>Se voc\u00ea est\u00e1 cansado de lidar com planilhas, listas desatualizadas e tem dificuldades em se comunicar com seus membros, voc\u00ea precisa conhecer o&nbsp;<strong>Hosana.digital<\/strong>: a solu\u00e7\u00e3o que vai transformar a administra\u00e7\u00e3o de seu minist\u00e9rio, conven\u00e7\u00e3o, agremia\u00e7\u00e3o, comunidade, igreja ou c\u00e9lula. Com ele, voc\u00ea ganhar\u00e1 mais tempo para focar no que realmente importa:&nbsp;<strong>cuidar das pessoas<\/strong>!<\/p>\n\n\n<div class=\"affx-btn-wrapper wp-block-affiliatex-buttons\" id=\"affiliatex-blocks-style-block-5cefc587-a12c-4cea-b543-d04e20ae48d1\">\n\t<div class=\"affx-btn-inner\">\n\t\t<a href=\"https:\/\/hosana.digital\/site\/solicitar-demo\/\" class=\"affiliatex-button btn-align-center btn-is-medium btn-is-flex-medium icon-left\" rel=\"noopener\"  >\n\t\t\t\t\t\t<span class=\"affiliatex-btn\"><strong>SOLICITAR DEMONSTRA\u00c7\u00c3O<\/strong><\/span>\n\t\t\t\t\t\t\t\t<\/a>\n\t<\/div>\n<\/div>\n\n\n\n<h1 class=\"wp-block-heading has-text-align-center\"><strong>\u00c0 partir de <a href=\"https:\/\/hosana.digital\/site\/planos\/\" data-type=\"page\" data-id=\"209\">R$ 60,00 mensais<\/a>, seu minist\u00e9rio pode contar com a nossa estrutura e suporte! <\/strong><\/h1>\n\n\n\n<p>O grande diferencial do <strong><a href=\"https:\/\/hosana.digital\">Hosana.digital<\/a><\/strong> est\u00e1 na simplicidade de seu manuseio e na variedade de ferramentas, todas pensadas para atender desde pequenas congrega\u00e7\u00f5es at\u00e9 grandes comunidades eclesi\u00e1sticas: com poucos cliques de maneira intuitiva, organizamos toda a informa\u00e7\u00e3o de sua igreja. <\/p>\n\n\n\n<p>Veja alguns dos principais recursos que fazem deste sistema uma excelente escolha:<\/p>\n\n\n<div class=\"affx-btn-wrapper wp-block-affiliatex-buttons\" id=\"affiliatex-blocks-style-block-2ab615db-95c9-4273-84ab-308d249fcb2a\">\n\t<div class=\"affx-btn-inner\">\n\t\t<a href=\"https:\/\/hosana.digital\/site\/wp-content\/uploads\/2025\/02\/Hosana.digital-1.pdf\" class=\"affiliatex-button btn-align-center btn-is-medium btn-is-flex-medium icon-left\" rel=\"noopener\"  >\n\t\t\t<i class=\"button-icon fas fa-check-double\"><\/i>\t\t\t<span class=\"affiliatex-btn\"><strong><strong>PDF DE APRESENTA\u00c7\u00c3O<\/strong><\/strong><\/span>\n\t\t\t\t\t\t\t\t<\/a>\n\t<\/div>\n<\/div>\n\n\n\n<h3 class=\"wp-block-heading\"><strong>1. Gest\u00e3o completa de membros<\/strong>, congregados e visitantes<\/h3>\n\n\n\n<p>O Hosana.digital permite cadastrar e acompanhar os membros de forma pr\u00e1tica, com informa\u00e7\u00f5es detalhadas sobre cada pessoa. \u00c9 poss\u00edvel registrar hist\u00f3rico de frequ\u00eancia, atrav\u00e9s do nosso check-in, e at\u00e9 mesmo dados de acompanhamento pastoral de cada membro: isso facilita o cuidado e o acompanhamento das ovelhas, permitindo que a lideran\u00e7a tenha uma vis\u00e3o clara da sa\u00fade espiritual da comunidade.<\/p>\n\n\n\n<h3 class=\"wp-block-heading\">2<strong>. Emiss\u00e3o de credenciais, diplomas e certificados<\/strong><\/h3>\n\n\n\n<p>Com nosso m\u00f3dulo de impressos, voc\u00ea pode emitir documentos, credenciais, diplomas e certificados em PDF ou Imagem; nosso suporte, personaliza todo o posicionamento e layout desses documentos para o seu minist\u00e9rio.<\/p>\n\n\n\n<h3 class=\"wp-block-heading\">3<strong>. Gest\u00e3o congregacional<\/strong>, grupos e de c\u00e9lulas<\/h3>\n\n\n\n<p>Gerencie todas as congrega\u00e7\u00f5es, grupos ou c\u00e9lulas, ligadas \u00e0 seu minist\u00e9rio, com apenas alguns cliques; voc\u00ea pode ainda ter todo o contexto de membros, finan\u00e7as e agenda, organizados por congrega\u00e7\u00e3o, o que facilita o acompanhamento de perto do trabalho de cada uma delas.<\/p>\n\n\n\n<h3 class=\"wp-block-heading\">4<strong>. Controle financeiro para d\u00edzimos, ofertas e demais lan\u00e7amentos financeiros<\/strong><\/h3>\n\n\n\n<p>Um dos aspectos mais importantes na administra\u00e7\u00e3o de uma igreja \u00e9 o controle financeiro. O Hosana.digital oferece ferramentas para registrar e acompanhar d\u00edzimos e ofertas, gerando relat\u00f3rios detalhados e transparentes. Isso facilita a presta\u00e7\u00e3o de contas e aumenta a confian\u00e7a da congrega\u00e7\u00e3o.<\/p>\n\n\n\n<h3 class=\"wp-block-heading\"><strong>5. Gest\u00e3o de Agenda\/Eventos<\/strong><\/h3>\n\n\n\n<p>Com o Hosana.digital, \u00e9 f\u00e1cil organizar e divulgar eventos, como cultos especiais, confer\u00eancias e encontros de minist\u00e9rios. A plataforma permite o agendamento de atividades e o envio de lembretes autom\u00e1ticos para os membros, bem como a confirma\u00e7\u00e3o de presen\u00e7a dos membros cadastrados, ajudando a aumentar o engajamento da igreja.<\/p>\n\n\n\n<h3 class=\"wp-block-heading\">6<strong>. Gest\u00e3o de cursos em geral<\/strong><\/h3>\n\n\n\n<p>No Hosana.digital, seu secret\u00e1rio da Escola B\u00edblia Dominical, consegue facilmente gerenciar os cursos, escolas e turmas; al\u00e9m do pastor ter acesso \u00e0 um m\u00f3dulo de Devocional exclusivo, onde \u00e9 poss\u00edvel, notificar rapidamente \u00e0 todos os membros, por email.<\/p>\n\n\n\n<h3 class=\"wp-block-heading\"><strong>7. Controle patrimonial<\/strong><\/h3>\n\n\n\n<p>O m\u00f3dulo de controle de invent\u00e1rio do Hosana, foi projetado para oferecer uma gest\u00e3o pr\u00e1tica e inteligente dos seus ativos. Com ele, voc\u00ea monitora todos os bens do seu minist\u00e9rio, localiza\u00e7\u00e3o e estado de conserva\u00e7\u00e3o, garantindo total controle sobre seu patrim\u00f4nio. Simplifique o gerenciamento de invent\u00e1rio com uma ferramenta que combina praticidade e confiabilidade.<\/p>\n\n\n\n<h3 class=\"wp-block-heading\">8<strong>. Auditoria completa<\/strong><\/h3>\n\n\n\n<p>No Hosana.digital todas as a\u00e7\u00f5es s\u00e3o auditadas com data, hor\u00e1rio e usu\u00e1rio que executou, tornando o acompanhamento das a\u00e7\u00f5es de sua rede de usu\u00e1rios, mais efetivo e confi\u00e1vel.<\/p>\n\n\n\n<h3 class=\"wp-block-heading\">9<strong>. Suporte humanizado<\/strong><\/h3>\n\n\n\n<p>No plano Completo voc\u00ea conta com um atendimento priorit\u00e1rio para a sua necessidade, podendo inclusive, quando necess\u00e1rio, conversar diretamente com o analista desenvolvedor.<\/p>\n\n\n\n<h3 class=\"wp-block-heading\"><strong>10. Aplicativo para membros<\/strong><\/h3>\n\n\n\n<p>Um dos recursos mais interessantes do Hosana.digital \u00e9 seu <strong>aplicativo para membros<\/strong>, que facilita o acesso \u00e0s informa\u00e7\u00f5es da igreja diretamente pelo celular. Os membros podem consultar eventos, checar avisos, acompanhar devocionais, pedir ora\u00e7\u00e3o, e muito mais; tudo em um \u00fanico lugar.<\/p>\n\n\n\n<p><\/p>\n\n\n<div class=\"wp-block-image\">\n<figure class=\"aligncenter size-large is-resized\"><img loading=\"lazy\" decoding=\"async\" width=\"1024\" height=\"1024\" src=\"https:\/\/hosana.digital\/site\/wp-content\/uploads\/2024\/11\/hosana-welcome-1024x1024.png\" alt=\"\" class=\"wp-image-83\" style=\"width:544px;height:auto\" srcset=\"https:\/\/hosana.digital\/site\/wp-content\/uploads\/2024\/11\/hosana-welcome-1024x1024.png 1024w, https:\/\/hosana.digital\/site\/wp-content\/uploads\/2024\/11\/hosana-welcome-300x300.png 300w, https:\/\/hosana.digital\/site\/wp-content\/uploads\/2024\/11\/hosana-welcome-150x150.png 150w, https:\/\/hosana.digital\/site\/wp-content\/uploads\/2024\/11\/hosana-welcome-768x768.png 768w, https:\/\/hosana.digital\/site\/wp-content\/uploads\/2024\/11\/hosana-welcome.png 1120w\" sizes=\"auto, (max-width: 1024px) 100vw, 1024px\" \/><\/figure><\/div>\n\n<div class=\"affx-btn-wrapper wp-block-affiliatex-buttons\" id=\"affiliatex-blocks-style-block-c42de323-75e3-4f6a-bbe5-cc0dde8ebd26\">\n\t<div class=\"affx-btn-inner\">\n\t\t<a href=\"https:\/\/hosana.digital\/site\/solicitar-demo\/\" class=\"affiliatex-button btn-align-center btn-is-medium btn-is-flex-medium icon-left\" rel=\"noopener\"  >\n\t\t\t\t\t\t<span class=\"affiliatex-btn\"><strong><strong>SOLICITAR DEMONSTRA\u00c7\u00c3O<\/strong><\/strong><\/span>\n\t\t\t\t\t\t\t\t<\/a>\n\t<\/div>\n<\/div>\n\n\n\n<h1 class=\"wp-block-heading has-text-align-center\"><strong>Por que escolher o Hosana.digital?<\/strong><\/h1>\n\n\n\n<p>\u2705 Sem fidelidade: voc\u00ea pode cancelar quando quiser, sem aviso pr\u00e9vio.<br><br>\u2705 Suporte completo: nosso tempo de resposta para <strong>urg\u00eancias<\/strong> \u00e9 de at\u00e9 2 horas, ap\u00f3s o primeiro contato, que pode ser por email ou <strong>whatsapp<\/strong>, diretamente com a <strong>equipe t\u00e9cnica<\/strong>, incluindo finais de semana. (Somente ap\u00f3s inscri\u00e7\u00e3o e primeiro pagamento de um de nossos <a href=\"https:\/\/hosana.digital\/site\/planos\/\" data-type=\"page\" data-id=\"209\"><strong>planos<\/strong><\/a>)<\/p>\n\n\n\n<h1 class=\"wp-block-heading has-text-align-center\"><strong>Veja o que os usu\u00e1rios est\u00e3o dizendo:<\/strong><\/h1>\n\n\n\n<p>\ud83d\udcac&nbsp;<strong>\u201cOl\u00e1 amigos! Sou arcebispo Jos\u00e9 Geraldo, diretor da CGM GROUP INTERNACIONAL o qual \u00e9 Gestora de v\u00e1rias empresas associadas, como Conven\u00e7\u00f5es de Pastores, sistema de ensino, conselhos, Igrejas e associa\u00e7\u00f5es filantr\u00f3pica; j\u00e1 sou usu\u00e1rio de sistemas de Gest\u00e3o de Igrejas; mas quando conheci o sistema de gest\u00e3o Hosana tudo mudou: o suporte deixa o sistema dentro de nossa programa\u00e7\u00e3o e prop\u00f3sito. Foi um salto de 3 dias: coisa que n\u00e3o havia conseguido durante 5 anos em outras plataformas, justamente pelo fato dos programas serem engessados.\u201d<\/strong>&nbsp;\u2014 Arcebispo Jos\u00e9 Geraldo &#8211; Dir. da CGM GROUP INTERNACIONAL<\/p>\n\n\n\n<p>\ud83d\udcac&nbsp;<strong>\u201cO Hosana.Digital mudou a forma como administramos a igreja. Agora, temos mais controle e mais tempo para cuidar das pessoas.\u201d<\/strong>&nbsp;\u2014 Pastor Marcos Silva<\/p>\n\n\n\n<p>\ud83d\udcac&nbsp;<strong>\u201cA comunica\u00e7\u00e3o com os membros ficou muito mais f\u00e1cil e eficiente. O sistema \u00e9 pr\u00e1tico e intuitivo.\u201d<\/strong>&nbsp;\u2014 Ana Paula, secret\u00e1ria de igreja<\/p>\n\n\n\n<h1 class=\"wp-block-heading has-text-align-center\"><strong>N\u00e3o perca tempo! Solicite uma demonstra\u00e7\u00e3o gratuita do Hosana.digital!<\/strong><\/h1>\n\n\n<div class=\"affx-btn-wrapper wp-block-affiliatex-buttons\" id=\"affiliatex-blocks-style-block-43c9f28a-6faa-41a6-be41-e4188405a818\">\n\t<div class=\"affx-btn-inner\">\n\t\t<a href=\"https:\/\/hosana.digital\/site\/solicitar-demo\/\" class=\"affiliatex-button btn-align-center btn-is-medium btn-is-flex-medium icon-left\" rel=\"noopener\"  >\n\t\t\t\t\t\t<span class=\"affiliatex-btn\"><strong><strong>SOLICITAR DEMONSTRA\u00c7\u00c3O<\/strong><\/strong><\/span>\n\t\t\t\t\t\t\t\t<\/a>\n\t<\/div>\n<\/div>\n","protected":false},"excerpt":{"rendered":"<p>Se voc\u00ea est\u00e1 cansado de lidar com planilhas, listas desatualizadas e tem dificuldades em se comunicar com seus membros, voc\u00ea precisa conhecer o&nbsp;Hosana.digital: a solu\u00e7\u00e3o [&#8230;]<\/p>\n","protected":false},"author":1,"featured_media":0,"parent":209,"menu_order":0,"comment_status":"closed","ping_status":"closed","template":"","meta":{"footnotes":""},"class_list":["post-363","page","type-page","status-publish","hentry"],"_links":{"self":[{"href":"https:\/\/hosana.digital\/site\/wp-json\/wp\/v2\/pages\/363","targetHints":{"allow":["GET"]}}],"collection":[{"href":"https:\/\/hosana.digital\/site\/wp-json\/wp\/v2\/pages"}],"about":[{"href":"https:\/\/hosana.digital\/site\/wp-json\/wp\/v2\/types\/page"}],"author":[{"embeddable":true,"href":"https:\/\/hosana.digital\/site\/wp-json\/wp\/v2\/users\/1"}],"replies":[{"embeddable":true,"href":"https:\/\/hosana.digital\/site\/wp-json\/wp\/v2\/comments?post=363"}],"version-history":[{"count":85,"href":"https:\/\/hosana.digital\/site\/wp-json\/wp\/v2\/pages\/363\/revisions"}],"predecessor-version":[{"id":982,"href":"https:\/\/hosana.digital\/site\/wp-json\/wp\/v2\/pages\/363\/revisions\/982"}],"up":[{"embeddable":true,"href":"https:\/\/hosana.digital\/site\/wp-json\/wp\/v2\/pages\/209"}],"wp:attachment":[{"href":"https:\/\/hosana.digital\/site\/wp-json\/wp\/v2\/media?parent=363"}],"curies":[{"name":"wp","href":"https:\/\/api.w.org\/{rel}","templated":true}]}}